 a(d) = 3*d**2 - 11362*d - 1430735. Determine a(-122).
81
Let u(k) = 1699*k**2 - 35669*k - 19. Give u(21).
191
Let t(y) = -22*y**2 + 90*y + 32. Calculate t(0).
32
Let f(i) = -165*i**2 + 5692*i + 17096. What is f(-3)?
-1465
Let p(r) = 58958*r + 9551212. Give p(-162).
16
Let w(t) = -17987*t + 71460. Determine w(4).
-488
Let q(d) = 2012*d + 271. What is q(1)?
2283
Let d(y) = -3*y**3 + 28*y**2 + 32*y + 341. Determine d(11).
88
Let t(p) = 2*p**3 + p**2 - 237*p + 701. Determine t(3).
53
Let m(p) = -3*p**2 - 23998*p - 4519862. Calculate m(-193).
5
Let k(l) = l**3 - 120*l**2 + 1138*l + 8. What is k(11)?
-663
Let r(y) = -565*y - 13286. What is r(-23)?
-291
Let q(r) = -845376*r + 11835260. Give q(14).
-4
Let k(t) = 14209*t - 5. Determine k(0).
-5
Let g(o) = 33*o**2 - 264*o - 2375. Determine g(-8).
1849
Let c(j) = 254*j - 5966. Determine c(24).
130
Let t(q) = 3*q**3 - 2*q**2 + 133*q + 208. Determine t(0).
208
Let w(z) = -256*z + 2446. Give w(12).
-626
Let h(b) = 8*b**2 + 746*b + 9379. Give h(-77).
-631
Let g(c) = c**2 - 1087*c - 126464. Determine g(-106).
-6
Let m(v) = -161196*v + 483579. Determine m(3).
-9
Let s(o) = o**2 - 1843*o - 20391. Determine s(-11).
3
Let k(j) = 146*j**2 + 6724*j + 343. What is k(-46)?
-25
Let v(x) = -x**3 + 9*x**2 + 141*x - 584. Give v(18).
-962
Let o(i) = -4419*i - 22001. Calculate o(-5).
94
Let l(v) = 82101*v + 656801. Calculate l(-8).
-7
Let x(b) = 117*b + 49. What is x(-6)?
-653
Let y(s) = -s**3 - 56*s**2 - 645*s - 107. Determine y(-16).
-27
Let l(r) = -r**2 + 963*r - 11949. Calculate l(13).
401
Let k(y) = -7393*y - 10431547. Determine k(-1411).
-24
Let c(a) = -a**2 + 5288*a + 116815. Give c(-22).
-5
Let h(p) = -3*p**3 - 245*p**2 - 5112*p - 6170. Give h(-44).
-10
Let r(j) = -5*j**3 + j**2 - 119*j + 431. Calculate r(4).
-349
Let x(o) = o**3 + 94*o**2 - 340*o - 18799. Calculate x(-96).
-4591
Let n(z) = -z**3 + 72*z**2 - 1224*z - 394. Determine n(45).
-799
Let s(k) = -4860*k + 97124. Give s(20).
-76
Let u(g) = -2*g**2 - 133*g - 97. Give u(-6).
629
Let l(c) = -2*c**3 + 70*c**2 - 2864*c + 105774. Give l(36).
78
Let m(w) = -371*w - 6790. Calculate m(-20).
630
Let q(p) = p**3 + 11*p**2 - 4808*p + 473. What is q(64)?
-39
Let c(a) = -45386*a - 816971. Give c(-18).
-23
Let m(y) = 302*y**3 + 595*y**2 - 25*y - 7. Give m(-2).
7
Let f(z) = 66345*z + 995223. What is f(-15)?
48
Let j(k) = -2*k**2 + 26*k + 10780. Calculate j(-67).
60
Let c(r) = -56*r**2 + 497*r - 54. What is c(7)?
681
Let b(i) = 5*i**2 + 2565*i + 5115. Give b(-2).
5
Let t(a) = -7539594*a + 30158375. Determine t(4).
-1
Let x(z) = -5*z**2 + 372*z + 3716. Give x(83).
147
Let t(u) = 46935*u + 2065144. Determine t(-44).
4
Let k(o) = -149*o**2 - 1802*o - 90. Calculate k(-12).
78
Let f(u) = -8615*u - 9119. Determine f(-1).
-504
Let s(k) = -k**3 - 34*k**2 - 212*k - 336. Determine s(-5).
-1
Let l(w) = -3*w**2 + 1542*w - 72000. Determine l(462).
72
Let i(o) = 2*o**3 + 150*o**2 + 2009*o - 2439. What is i(-57)?
12
Let w(g) = 2*g**3 - 34*g**2 + 148*g - 137. Calculate w(2).
39
Let a(k) = -8812*k + 1401114. Calculate a(159).
6
Let z(x) = -4319*x + 21602. Give z(5).
7
Let y(c) = -1743*c - 45247. What is y(-26)?
71
Let m(p) = p**3 - 45*p**2 + 398*p - 262. Determine m(33).
-196
Let d(i) = 42095*i - 42065. Determine d(1).
30
Let b(f) = -10*f**2 + 5013*f - 565288. Give b(330).
2
Let i(b) = 2*b**3 + 211*b**2 + 4130*b - 68. What is i(-26)?
36
Let o(u) = -u**3 - 183*u**2 + 1333*u + 576. Give o(-190).
6
Let z(q) = q**3 - 68*q**2 - 294*q + 387. Calculate z(72).
-45
Let b(v) = -18195*v - 691434. Give b(-38).
-24
Let i(j) = -j**3 + 67*j**2 + 10230*j + 751. What is i(-73)?
21
Let z(h) = 67*h - 3834. Determine z(56).
-82
Let y(o) = 5543*o - 615072. Calculate y(111).
201
Let i(y) = -27*y**2 + 3190*y + 1106. Calculate i(119).
-1631
Let a(x) = -27711*x - 2937371. Determine a(-106).
-5
Let a(o) = -7*o**3 - 49*o**2 - 8*o - 163. Calculate a(-8).
349
Let y(g) = -449*g - 4251. Determine y(-21).
5178
Let i(q) = 20079*q - 280155. What is i(14)?
951
Let k(l) = -86*l - 19419. Determine k(-227).
103
Let f(r) = 9325*r + 93728. Calculate f(-10).
478
Let q(u) = 8*u**3 - 417*u**2 + 2*u - 580. Determine q(52).
-3180
Let i(v) = 1169*v - 108741. Give i(93).
-24
Let a(z) = -75774*z + 151553. Determine a(2).
5
Let z(t) = 38*t**2 - 1615*t - 12854. Calculate z(-8).
2498
Let s(a) = -131488*a + 1709337. Calculate s(13).
-7
Let x(t) = -2*t**2 - 267*t + 10981. Give x(33).
-8
Let u(j) = -372*j + 1363. What is u(4)?
-125
Let s(m) = -1261*m + 589648. Determine s(468).
-500
Let a(z) = -z**3 + 68*z**2 - 308*z - 558. Calculate a(63).
-117
Let t(k) = -3*k**2 - 925*k - 20506. Determine t(-24).
-34
Let w(k) = k**3 - 546*k**2 + 768*k - 121528. Determine w(545).
7
Let q(i) = -35*i + 4755. Calculate q(96).
1395
Let n(a) = 1961*a**2 + 2302*a + 11. Calculate n(-1).
-330
Let h(j) = -j**3 - 218*j**2 + 1348*j - 20. What is h(6)?
4
Let f(d) = -92*d**2 - 20*d + 1. Determine f(-2).
-327
Let g(m) = 2*m**3 + 93*m**2 + 194*m + 149. Calculate g(-44).
1293
Let y(p) = -3*p**2 + 17882*p + 1504890. Give y(-83).
17
Let t(a) = 54*a + 633. Calculate t(6).
957
Let d(m) = -788*m**2 + 202514*m + 506. Give d(257).
-8
Let p(n) = -n**3 - 3*n**2 - 6411*n - 25643. Give p(-4).
17
Let j(p) = 3*p**3 - 12*p**2 + 12*p - 10. Determine j(3).
-1
Let b(h) = -10058*h + 170849. What is b(17)?
-137
Let t(m) = 52*m**3 - 308*m**2 + 992*m - 6102. Give t(6).
-6
Let n(c) = -4*c**3 - 54*c**2 - 22*c - 385. What is n(-12)?
-985
Let w(j) = 145*j**2 - 40467*j + 3339. Calculate w(279).
-9
Let n(d) = d**3 - 18*d**2 + 78*d - 737. Determine n(16).
-1
Let d(t) = 6865*t + 768882. Give d(-112).
2
Let u(z) = -37670*z + 339027. What is u(9)?
-3
Let h(o) = o**3 + 56*o**2 + 395*o + 537. Determine h(-48).
9
Let a(n) = -2*n + 199. Calculate a(63).
73
Let z(k) = -4*k**3 + 1225*k**2 + 922*k - 308. Calculate z(307).
-1
Let p(y) = 16492*y - 4782695. What is p(290)?
-15
Let z(v) = -15*v**3 + 12*v**2 + 342*v + 1758. What is z(-5)?
2223
Let m(q) = 12809*q - 627636. Give m(49).
5
Let u(v) = 3*v**2 - 690*v - 5242. Determine u(-7).
-265
Let b(h) = -20223*h - 606704. Calculate b(-30).
-14
Let o(t) = -17*t**2 - 3125*t + 80883. What is o(23)?
15
Let q(r) = -5*r**2 + 1090*r - 4307. Give q(4).
-27
Let z(n) = 10728*n + 482757. Give z(-45).
-3
Let k(y) = 296*y - 50610. Give k(171).
6
Let k(g) = 25553*g + 408850. Calculate k(-16).
2
Let d(a) = 2*a**3 - 82*a**2 - 983*a - 1901. Give d(51).
-14
Let i(g) = 9844*g + 29536. Calculate i(-3).
4
Let s(y) = -62824*y**2 - 251305*y - 6. Calculate s(-4).
30
Let w(z) = -z**2 + 196*z - 4817. Determine w(161).
818
Let c(w) = 926*w - 21009. What is c(22)?
-637
Let q(g) = -16*g**3 + 239*g**2 - 78*g + 1392. Give q(15).
-3
Let s(o) = 244*o**2 + 168*o + 149. Calculate s(-1).
225
Let o(i) = -75*i**2 - 154*i - 693. What is o(-4)?
-1277
Let w(f) = f**2 + 1150*f + 240022. Calculate w(-274).
-2
Let z(j) = j**2 - 5874*j - 320143. Calculate z(-54).
-31
Let n(o) = 3221*o + 4370905. Give n(-1357).
8
Let q(z) = 6*z**3 - 798*z**2 - 5*z + 395. Give q(133).
-270
Let k(n) = -98*n**2 - 20*n - 30. Calculate k(-1).
-108
Let f(z) = z**2 + 56972*z + 170925. Calculate f(-3).
18
Let q(a) = 1464*a + 658606. What is q(-450)?
-194
Let t(j) = -4*j**2 - 501*j + 157. Determine t(-121).
2214
Let o(f) = 7*f**2 + 135*f + 606. Give o(-13).
34
Let i(a) = 37*a + 422. Give i(-29).
-651
Let d(t) = t**3 + 168*t**2 - 143*t + 4576. What is d(-169)?
182
Let n(x) = -4*x**3 + 1049*x**2 + 2884*x + 8208. What is n(265)?
-7
Let n(g) = -g**2 + 9*g + 6428. Give n(-82).
-1034
Let o(n) = n**3 + 222*n**2 + 2502*n - 44930. What is o(-209)?
5
Let w(c) = -c**3 + 28*c**2 + 2935*c - 97107. What is w(38)?
-17
Let o(x) = -x**3 + 101*x**2 - 912*x + 202. Calculate o(91).
20
Let w(n) = -15*n**2 + 882*n + 1939. Give w(60).
859
Let q(v) = -v**2 - 921*v - 23257. Give q(-26).
13
Let h(d) = -40*d**3 + 525*d**2 - 72*d + 83. Calculate h(13).
-8
Let g(u) = 17*u**3 + 238*u**2 - 32*u - 405. Determine g(-14).
43
Let y(j) = 12*j**3 - 32*j**2 - 7600*j + 22781. Give y(3).
17
Let v(l) = -4*l**2 + 1968*l + 26266. Determine v(-13).
6
Let m(z) = -62817*z - 2952406. Calculate m(-47).
-7
Let l(n) = 43*n**2 - 33454*n - 10. What is l(778)?
-10
Let i(q) = 2102*q - 86158. Calculate i(41).
24
Let q(k) = 4*k**3 - 19*k**2 - 806*k - 67. Calculate q(-12).
-43
Let g(y) = y